 the prime factors of 1603?
7, 229
List the prime factors of 48285.
3, 5, 29, 37
What are the prime factors of 25383?
3, 8461
List the prime factors of 47151.
3, 13, 31
What are the prime factors of 417?
3, 139
What are the prime factors of 730?
2, 5, 73
List the prime factors of 5359.
23, 233
List the prime factors of 67780.
2, 5, 3389
What are the prime factors of 227?
227
List the prime factors of 1018.
2, 509
What are the prime factors of 11584?
2, 181
What are the prime factors of 9627?
3, 3209
What are the prime factors of 5791?
5791
What are the prime factors of 1001?
7, 11, 13
What are the prime factors of 19438?
2, 9719
What are the prime factors of 917?
7, 131
What are the prime factors of 26554?
2, 11, 17, 71
List the prime factors of 37955.
5, 7591
What are the prime factors of 21498?
2, 3, 3583
What are the prime factors of 7794?
2, 3, 433
What are the prime factors of 307?
307
What are the prime factors of 876?
2, 3, 73
List the prime factors of 3350.
2, 5, 67
What are the prime factors of 1726?
2, 863
What are the prime factors of 6300?
2, 3, 5, 7
List the prime factors of 4884.
2, 3, 11, 37
List the prime factors of 2107.
7, 43
What are the prime factors of 2548?
2, 7, 13
What are the prime factors of 27676?
2, 11, 17, 37
List the prime factors of 76191.
3, 109, 233
List the prime factors of 579.
3, 193
List the prime factors of 229.
229
What are the prime factors of 17019?
3, 31, 61
List the prime factors of 7194.
2, 3, 11, 109
List the prime factors of 4179.
3, 7, 199
List the prime factors of 46016.
2, 719
List the prime factors of 11543.
7, 17, 97
List the prime factors of 147674.
2, 47, 1571
What are the prime factors of 1776?
2, 3, 37
List the prime factors of 31453.
71, 443
What are the prime factors of 177120?
2, 3, 5, 41
List the prime factors of 92552.
2, 23, 503
What are the prime factors of 25599?
3, 7, 23, 53
List the prime factors of 8665.
5, 1733
List the prime factors of 693.
3, 7, 11
List the prime factors of 2786.
2, 7, 199
List the prime factors of 102.
2, 3, 17
What are the prime factors of 1091?
1091
List the prime factors of 2876.
2, 719
What are the prime factors of 1731?
3, 577
List the prime factors of 3946.
2, 1973
What are the prime factors of 426?
2, 3, 71
What are the prime factors of 901?
17, 53
What are the prime factors of 16?
2
What are the prime factors of 5939?
5939
What are the prime factors of 7138?
2, 43, 83
List the prime factors of 7457.
7457
List the prime factors of 20.
2, 5
What are the prime factors of 2278?
2, 17, 67
List the prime factors of 9345.
3, 5, 7, 89
List the prime factors of 919.
919
List the prime factors of 2791.
2791
What are the prime factors of 27883?
27883
List the prime factors of 1442.
2, 7, 103
List the prime factors of 594.
2, 3, 11
List the prime factors of 27992.
2, 3499
What are the prime factors of 18330?
2, 3, 5, 13, 47
List the prime factors of 33752.
2, 4219
What are the prime factors of 405?
3, 5
What are the prime factors of 36464?
2, 43, 53
What are the prime factors of 1738?
2, 11, 79
List the prime factors of 996.
2, 3, 83
List the prime factors of 2382.
2, 3, 397
List the prime factors of 94300.
2, 5, 23, 41
What are the prime factors of 420?
2, 3, 5, 7
What are the prime factors of 25?
5
What are the prime factors of 12446?
2, 7, 127
List the prime factors of 11547.
3, 1283
List the prime factors of 357.
3, 7, 17
List the prime factors of 1533.
3, 7, 73
What are the prime factors of 628?
2, 157
List the prime factors of 4082.
2, 13, 157
What are the prime factors of 5584?
2, 349
List the prime factors of 2283.
3, 761
What are the prime factors of 80507?
7, 31, 53
What are the prime factors of 90345?
3, 5, 19, 317
What are the prime factors of 21240?
2, 3, 5, 59
What are the prime factors of 91044?
2, 3, 281
What are the prime factors of 3301?
3301
List the prime factors of 5190.
2, 3, 5, 173
List the prime factors of 8608.
2, 269
List the prime factors of 56822.
2, 28411
What are the prime factors of 41613?
3, 11, 13, 97
What are the prime factors of 891?
3, 11
What are the prime factors of 510?
2, 3, 5, 17
List the prime factors of 2010.
2, 3, 5, 67
What are the prime factors of 44033?
11, 4003
What are the prime factors of 17185?
5, 7, 491
What are the prime factors of 7955?
5, 37, 43
List the prime factors of 1075.
5, 43
What are the prime factors of 29972?
2, 59, 127
List the prime factors of 8880.
2, 3, 5, 37
List the prime factors of 906.
2, 3, 151
What are the prime factors of 12?
2, 3
List the prime factors of 22836.
2, 3, 11, 173
List the prime factors of 12644.
2, 29, 109
List the prime factors of 52816.
2, 3301
What are the prime factors of 866?
2, 433
List the prime factors of 4778.
2, 2389
List the prime factors of 72486.
2, 3, 4027
List the prime factors of 27787.
37, 751
What are the prime factors of 33631?
13, 199
List the prime factors of 2356.
2, 19, 31
What are the prime factors of 11662?
2, 7, 17
List the prime factors of 13406.
2, 6703
List the prime factors of 6618.
2, 3, 1103
What are the prime factors of 943?
23, 41
What are the prime factors of 385?
5, 7, 11
List the prime factors of 189.
3, 7
What are the prime factors of 8945?
5, 1789
List the prime factors of 8681.
8681
What are the prime factors of 4520?
2, 5, 113
What are the prime factors of 4756?
2, 29, 41
What are the prime factors of 57?
3, 19
List the prime factors of 23275.
5, 7, 19
What are the prime factors of 1524?
2, 3, 127
What are the prime factors of 23575?
5, 23, 41
List the prime factors of 249.
3, 83
What are the prime factors of 693?
3, 7, 11
List the prime factors of 30510.
2, 3, 5, 113
What are the prime factors of 19240?
2, 5, 13, 37
What are the prime factors of 140?
2, 5, 7
List the prime factors of 45645.
3, 5, 17, 179
What are the prime factors of 2197?
13
List the prime factors of 678.
2, 3, 113
What are the prime factors of 261?
3, 29
What are the prime factors of 3610?
2, 5, 19
List the prime factors of 145.
5, 29
What are the prime factors of 3836?
2, 7, 137
List the prime factors of 3397.
43, 79
What are the prime factors of 6903?
3, 13, 59
What are the prime factors of 142917?
3, 47639
List the prime factors of 1720.
2, 5, 43
What are the prime factors of 3554?
2, 1777
List the prime factors of 393.
3, 131
List the prime factors of 11619.
3, 1291
List the prime factors of 5788.
2, 1447
What are the prime factors of 25311?
3, 11, 13, 59
List the prime factors of 18330.
2, 3, 5, 13, 47
What are the prime factors of 626?
2, 313
What are the prime factors of 65559?
3, 13, 41
List the prime factors of 112280.
2, 5, 7, 401
What are the prime factors of 1264?
2, 79
List the prime factors of 6180.
2, 3, 5, 103
What are the prime factors of 46069?
23, 2003
What are the prime factors of 13594?
2, 7, 971
What are the prime factors of 20981?
20981
What are the prime factors of 722?
2, 19
What are the prime factors of 185?
5, 37
List the prime factors of 843.
3, 281
What are the prime factors of 1727?
11, 157
List the prime factors of 3570.
2, 3, 5, 7, 17
List the prime factors of 2020.
2, 5, 101
List the prime factors of 1521.
3, 13
List the prime factors of 1888.
2, 59
What are the prime factors of 992?
2, 31
What are the prime factors of 203?
7, 29
List the prime factors of 123636.
2, 3, 10303
What are the prime factors of 1392?
2, 3, 29
What are the prime factors of 3327?
3, 1109
What are the prime factors of 1262?
2, 631
List the prime factors of 4799.
4799
What are the prime factors of 17652?
2, 3, 1471
What are the prime factors of 501?
3, 167
What are the prime factors of 1018?
2, 509
List the prime factors of 82208.
2, 7, 367
What are the prime factors of 171?
3, 19
List the prime factors of 19579.
7, 2797
List the prime factors of 3009.
3, 17, 59
What are the prime factors of 24640?
2, 5, 7, 11
List the prime factors of 21186.
2, 3, 11, 107
List the prime factors of 6182.
2, 11, 281
What are the prime factors of 2127?
3, 709
What are the prime factors of 11591?
67, 173
List the prime factors of 1234.
2, 617
What are the prime factors of 37346?
2, 71, 263
List the prime factors of 1154.
2, 577
What are the prime factors of 11474?
2, 5737
What are the prime factors of 3676?
2, 919
What are the prime factors of 6895?
5, 7, 197
List the prime